is divided by 279?
140
What is the remainder when 184180 is divided by 8?
4
Calculate the remainder when 1443 is divided by 341.
79
What is the remainder when 2468120 is divided by 359?
354
Calculate the remainder when 825874 is divided by 275291.
1
Calculate the remainder when 150396 is divided by 37.
28
Calculate the remainder when 55749 is divided by 3716.
9
What is the remainder when 4895 is divided by 96?
95
Calculate the remainder when 2479 is divided by 1237.
5
Calculate the remainder when 72127 is divided by 32.
31
Calculate the remainder when 31202 is divided by 3.
2
Calculate the remainder when 6046 is divided by 159.
4
What is the remainder when 20634 is divided by 17?
13
What is the remainder when 15983 is divided by 94?
3
Calculate the remainder when 167971 is divided by 767.
765
Calculate the remainder when 876 is divided by 430.
16
What is the remainder when 7832 is divided by 964?
120
Calculate the remainder when 15862 is divided by 129.
124
Calculate the remainder when 18325 is divided by 358.
67
What is the remainder when 8315 is divided by 752?
43
What is the remainder when 3187 is divided by 109?
26
What is the remainder when 30225 is divided by 542?
415
What is the remainder when 390553 is divided by 19?
8
What is the remainder when 1338 is divided by 14?
8
Calculate the remainder when 41406 is divided by 730.
526
What is the remainder when 8550 is divided by 149?
57
Calculate the remainder when 14286 is divided by 4756.
18
What is the remainder when 14691 is divided by 213?
207
Calculate the remainder when 2662 is divided by 19.
2
What is the remainder when 40749 is divided by 165?
159
What is the remainder when 42236 is divided by 983?
950
Calculate the remainder when 18707 is divided by 813.
8
What is the remainder when 1567 is divided by 32?
31
What is the remainder when 40093 is divided by 8?
5
Calculate the remainder when 328054 is divided by 54.
4
What is the remainder when 3253 is divided by 658?
621
What is the remainder when 772 is divided by 754?
18
What is the remainder when 3973 is divided by 1964?
45
What is the remainder when 177011 is divided by 99?
98
Calculate the remainder when 149789 is divided by 88.
13
What is the remainder when 3774 is divided by 3729?
45
What is the remainder when 26293 is divided by 1531?
266
What is the remainder when 48883 is divided by 221?
42
Calculate the remainder when 5198 is divided by 5193.
5
What is the remainder when 491398 is divided by 121?
17
What is the remainder when 57760 is divided by 14?
10
What is the remainder when 36873 is divided by 18428?
17
What is the remainder when 8136476 is divided by 69?
65
Calculate the remainder when 254410 is divided by 3180.
10
Calculate the remainder when 415 is divided by 187.
41
What is the remainder when 70721 is divided by 261?
251
What is the remainder when 48792 is divided by 100?
92
What is the remainder when 11486 is divided by 3628?
602
What is the remainder when 409 is divided by 334?
75
Calculate the remainder when 63095 is divided by 31544.
7
What is the remainder when 29255 is divided by 108?
95
What is the remainder when 15000 is divided by 215?
165
Calculate the remainder when 262969 is divided by 8765.
19
What is the remainder when 13669 is divided by 150?
19
What is the remainder when 57823 is divided by 77?
73
Calculate the remainder when 41651 is divided by 178.
177
What is the remainder when 146993 is divided by 213?
23
What is the remainder when 5024 is divided by 119?
26
Calculate the remainder when 173551 is divided by 3099.
7
Calculate the remainder when 31288 is divided by 1235.
413
Calculate the remainder when 1332 is divided by 435.
27
What is the remainder when 211088 is divided by 95?
93
What is the remainder when 18882 is divided by 6286?
24
What is the remainder when 764925 is divided by 83?
80
What is the remainder when 3220 is divided by 122?
48
Calculate the remainder when 834436 is divided by 11276.
12
Calculate the remainder when 86624 is divided by 525.
524
Calculate the remainder when 760 is divided by 399.
361
What is the remainder when 25725 is divided by 8543?
96
Calculate the remainder when 1895 is divided by 175.
145
What is the remainder when 31518 is divided by 284?
278
What is the remainder when 4096319 is divided by 60?
59
What is the remainder when 5012 is divided by 73?
48
Calculate the remainder when 6439 is divided by 268.
7
Calculate the remainder when 32019 is divided by 10673.
0
What is the remainder when 73519 is divided by 284?
247
What is the remainder when 524555 is divided by 8196?
11
Calculate the remainder when 3751 is divided by 720.
151
What is the remainder when 148432 is divided by 3620?
12
What is the remainder when 12437 is divided by 6?
5
Calculate the remainder when 553002 is divided by 184322.
36
What is the remainder when 17215499 is divided by 230?
229
Calculate the remainder when 1492 is divided by 212.
8
What is the remainder when 112577 is divided by 67?
17
Calculate the remainder when 743 is divided by 529.
214
What is the remainder when 2537 is divided by 206?
65
What is the remainder when 2336 is divided by 1105?
126
Calculate the remainder when 3061 is divided by 952.
205
Calculate the remainder when 58834 is divided by 341.
182
What is the remainder when 964 is divided by 716?
248
Calculate the remainder when 8966 is divided by 8948.
18
What is the remainder when 19756 is divided by 2718?
730
What is the remainder when 3793 is divided by 539?
20
Calculate the remainder when 2819 is divided by 6.
5
Calculate the remainder when 92321 is divided by 207.
206
What is the remainder when 19558 is divided by 126?
28
Calculate the remainder when 1415 is divided by 29.
23
What is the remainder when 380687 is divided by 1232?
1231
What is the remainder when 48836 is divided by 158?
14
Calculate the remainder when 1023108 is divided by 459.
456
Calculate the remainder when 82887 is divided by 307.
304
Calculate the remainder when 1967 is divided by 508.
443
What is the remainder when 2182 is divided by 472?
294
What is the remainder when 10695 is divided by 126?
111
Calculate the remainder when 25810 is divided by 33.
4
What is the remainder when 3994602 is divided by 1305?
1302
What is the remainder when 8098 is divided by 151?
95
What is the remainder when 213982 is divided by 30?
22
What is the remainder when 5988 is divided by 129?
54
What is the remainder when 623 is divided by 103?
5
Calculate the remainder when 37614 is divided by 181.
147
Calculate the remainder when 13381 is divided by 66.
49
What is the remainder when 1689 is divided by 187?
6
What is the remainder when 10983 is divided by 1384?
1295
What is the remainder when 416309 is divided by 1973?
6
Calculate the remainder when 14844 is divided by 4595.
1059
Calculate the remainder when 27156 is divided by 160.
116
Calculate the remainder when 361 is divided by 206.
155
What is the remainder when 5380553 is divided by 1923?
1922
Calculate the remainder when 2336 is divided by 560.
96
What is the remainder when 313802 is divided by 357?
356
Calculate the remainder when 437915 is divided by 238.
233
What is the remainder when 10345 is divided by 12?
1
What is the remainder when 13277 is divided by 83?
80
What is the remainder when 23562 is divided by 1064?
154
What is the remainder when 347304 is divided by 2631?
12
What is the remainder when 42456 is divided by 44?
40
What is the remainder when 908182 is divided by 158?
156
What is the remainder when 10837 is divided by 1203?
10
What is the remainder when 290 is divided by 214?
76
Calculate the remainder when 1010 is divided by 124.
18
Calculate the remainder when 254873 is divided by 127432.
9
Calculate the remainder when 9087 is divided by 338.
299
Calculate the remainder when 1272 is divided by 959.
313
What is the remainder when 3287 is divided by 880?
647
Calculate the remainder when 17797 is divided by 124.
65
What is the remainder when 56168 is divided by 302?
298
What is the remainder when 5290 is divided by 230?
0
Calculate the remainder when 5890 is divided by 235.
15
What is the remainder when 6191 is divided by 1769?
884
Calculate the remainder when 163851 is divided by 20480.
11
Calculate the remainder when 141653 is divided by 131